{"id":6,"date":"2019-05-07T15:25:26","date_gmt":"2019-05-07T13:25:26","guid":{"rendered":"https:\/\/prospectives2020.in2p3.fr\/?page_id=6"},"modified":"2023-09-22T08:59:57","modified_gmt":"2023-09-22T06:59:57","slug":"accueil","status":"publish","type":"page","link":"https:\/\/prospectives2020.in2p3.fr\/","title":{"rendered":"Accueil"},"content":{"rendered":"\n<h3 class=\"wp-block-heading\"><mark style=\"background-color:#dd7600\" class=\"has-inline-color\">D\u00e9cembre 2022:<\/mark><\/h3>\n\n\n\n<h3 class=\"wp-block-heading\"><mark style=\"background-color:#dd7600\" class=\"has-inline-color\">Publication de la feuille de route<\/mark><\/h3>\n\n\n\n<div class=\"wp-block-columns\">\n<div class=\"wp-block-column\" style=\"flex-basis:100%\">\n<div class=\"wp-block-group\"><div class=\"wp-block-group__inner-container is-layout-flow wp-block-group-is-layout-flow\">\n<div class=\"wp-block-columns\">\n<div class=\"wp-block-column\" style=\"flex-basis:100%\">\n<p>La feuille de route de l&rsquo;exercice de prospective pr\u00e9sente une strat\u00e9gie pour l&rsquo;horizon 2030 et identifie les priorit\u00e9s des grands projets au niveau national en physique nucl\u00e9aire, physique des particules et astroparticules: vous pouvez t\u00e9l\u00e9charger le fichier pdf en suivant le lien ci-dessous.<\/p>\n\n\n\n<p><a href=\"https:\/\/prospectives2020.in2p3.fr\/wp-content\/uploads\/2023\/01\/FrenchRoadmap2030_NuclearParticleAstroparticlePhysics.pdf\"><strong>REACHING FOR THE INFINITIES<\/strong><br> A Strategic Plan for French Nuclear, Particle and Astroparticle Physics<br> in the 2030 Horizon<\/a><\/p>\n\n\n\n<p>R\u00e9f\u00e9rences:<\/p>\n\n\n\n<p><a rel=\"noreferrer noopener\" href=\"https:\/\/doi.org\/10.5281\/zenodo.7794586\" target=\"_blank\">https:\/\/doi.org\/10.5281\/zenodo.7794586<\/a><\/p>\n\n\n\n<p><a href=\"https:\/\/hal.in2p3.fr\/in2p3-04056277v1\">https:\/\/hal.in2p3.fr\/in2p3-04056277v1<\/a><\/p>\n<\/div>\n<\/div>\n<\/div><\/div>\n<\/div>\n<\/div>\n\n\n\n<h3 class=\"wp-block-heading\">Pr\u00e9sentation <\/h3>\n\n\n<div class=\"wp-block-image\">\n<figure class=\"align-horizontal-wrap alignright size-large is-resized\"><a href=\"https:\/\/prospectives2020.in2p3.fr\/wp-content\/uploads\/2019\/10\/prospectives-2020_affiche-generale_V6.jpg\"><img loading=\"lazy\" decoding=\"async\" src=\"https:\/\/prospectives2020.in2p3.fr\/wp-content\/uploads\/2019\/12\/prospectives-2020_affiche_v2-725x1024.jpg\" alt=\"\" class=\"wp-image-275\" width=\"181\" height=\"256\" srcset=\"https:\/\/prospectives2020.in2p3.fr\/wp-content\/uploads\/2019\/12\/prospectives-2020_affiche_v2-725x1024.jpg 725w, https:\/\/prospectives2020.in2p3.fr\/wp-content\/uploads\/2019\/12\/prospectives-2020_affiche_v2-212x300.jpg 212w, https:\/\/prospectives2020.in2p3.fr\/wp-content\/uploads\/2019\/12\/prospectives-2020_affiche_v2-768x1085.jpg 768w, https:\/\/prospectives2020.in2p3.fr\/wp-content\/uploads\/2019\/12\/prospectives-2020_affiche_v2-1087x1536.jpg 1087w, https:\/\/prospectives2020.in2p3.fr\/wp-content\/uploads\/2019\/12\/prospectives-2020_affiche_v2.jpg 1123w\" sizes=\"auto, (max-width: 181px) 100vw, 181px\" \/><\/a><\/figure><\/div>\n\n\n<p>Dans le cadre des missions nationales qui lui sont confi\u00e9es, <a href=\"https:\/\/in2p3.cnrs.fr\/\">l\u2019institut national de physique nucl\u00e9aire et de physique des particules<\/a> organise et conduit, en y associant les organismes et acteurs concern\u00e9s, des exercices de prospective nationale dans ses domaines de comp\u00e9tence. Ceux-ci couvrent les domaines de la physique nucl\u00e9aire, physique des particules et astroparticules, ainsi que les d\u00e9veloppements technologiques et applications associ\u00e9s.<\/p>\n\n\n\n<p>Cet exercice s\u2019inscrit dans la foul\u00e9e de la publication fin 2017 des strat\u00e9gies europ\u00e9ennes en physique nucl\u00e9aire (NUPECC Long range plan 2017) et en astroparticules&nbsp; (APPEC &#8211; European Astroparticule Physics Strategy 2017-2026), et vient s\u2019articuler naturellement avec les travaux similaires engag\u00e9s au niveau europ\u00e9en pour la physique des particules.<\/p>\n\n\n\n<h4 class=\"wp-block-heading\"><strong>Objectifs de l\u2019exercice<\/strong> : <\/h4>\n\n\n\n<ul class=\"wp-block-list\">\n<li>d\u00e9cliner nationalement les priorit\u00e9s strat\u00e9giques europ\u00e9ennes et internationales dans les 3 domaines\u00a0concern\u00e9s : physique nucl\u00e9aire, physique des particules et astroparticules;<\/li>\n\n\n\n<li>d\u00e9finir les objectifs et priorit\u00e9s pour les activit\u00e9s et projets nationaux\u00a0de ces domaines; <\/li>\n\n\n\n<li>d\u00e9finir les objectifs et priorit\u00e9s de l\u2019institut dans les d\u00e9veloppements technologiques et applications associ\u00e9s. <\/li>\n<\/ul>\n\n\n\n<p>Ces prospectives\ncouvrent la p\u00e9riode des 10 ann\u00e9es \u00e0 venir (2020-2030) avec comme date pr\u00e9vue de\nr\u00e9vision 2025. Un document de prospective nationale&nbsp;sera produit et remis aux\ninstances, organismes et universit\u00e9s concern\u00e9es.<\/p>\n\n\n\n<h3 class=\"wp-block-heading\">Comit\u00e9 de supervision <\/h3>\n\n\n\n<figure class=\"wp-block-image size-large is-resized\"><img loading=\"lazy\" decoding=\"async\" src=\"https:\/\/prospectives2020.in2p3.fr\/wp-content\/uploads\/2019\/12\/bandeau-logos.jpg\" alt=\"\" class=\"wp-image-276\" width=\"554\" height=\"108\" srcset=\"https:\/\/prospectives2020.in2p3.fr\/wp-content\/uploads\/2019\/12\/bandeau-logos.jpg 739w, https:\/\/prospectives2020.in2p3.fr\/wp-content\/uploads\/2019\/12\/bandeau-logos-300x58.jpg 300w\" sizes=\"auto, (max-width: 554px) 100vw, 554px\" \/><\/figure>\n\n\n\n<p>Un comit\u00e9 de supervision compos\u00e9 du directeur et directeur adjoint de l\u2019institut et des repr\u00e9sentants des organismes et universit\u00e9s est mis en place. Il est charg\u00e9 de suivre les travaux de r\u00e9flexion de la communaut\u00e9 scientifique dans son entier et s\u2019assure du bon d\u00e9roulement de l\u2019ensemble du processus. Il s&rsquo;est r\u00e9uni pour cela une premi\u00e8re fois dans le courant du mois de mai, afin de lancer la mise en place des groupes de travail th\u00e9matiques qui se r\u00e9uniront \u00e0 partir l\u2019automne 2019 et jusqu\u2019au printemps 2020. Une seconde r\u00e9union est anticip\u00e9 \u00e0 mi-parcours (printemps 2020) et une derni\u00e8re lors du colloque de restitution (cf. ci-dessous) pr\u00e9vu \u00e0 l\u2019automne 2020.<\/p>\n\n\n\n<ul class=\"wp-block-list\">\n<li>Directeur de l&rsquo;IN2P3: Reynald Pain<\/li>\n\n\n\n<li>Directeur adjoint de l&rsquo;IN2P3: Patrice Verdier<\/li>\n\n\n\n<li>Aix Marseille Universit\u00e9 : Jos\u00e9 Busto<\/li>\n\n\n\n<li>Ecole Polytechnique \/ Institut Polytechnique de Paris : Benoit Deveaud<\/li>\n\n\n\n<li>Sorbonne Universit\u00e9 : Marco Cirelli<\/li>\n\n\n\n<li>Universit\u00e9 de Bordeaux : Philippe Moretto<\/li>\n\n\n\n<li>Universit\u00e9 Caen Normandie : Francesca Gulminelli<\/li>\n\n\n\n<li>ENSI Caen : Marco Daturi<\/li>\n\n\n\n<li>Universit\u00e9 Claude Bernard Lyon 1 \/ Universit\u00e9 de Lyon: Aldo Deandrea<\/li>\n\n\n\n<li>Universit\u00e9 Clermont-Auvergne : Philippe Rosnet<\/li>\n\n\n\n<li>Universit\u00e9 Grenoble Alpes : Laurent Derome<\/li>\n\n\n\n<li>Universit\u00e9 de Montpellier : Jacques Mercier<\/li>\n\n\n\n<li>Universit\u00e9 de Nantes : Gines Martinez<\/li>\n\n\n\n<li>IMT Atlantique : Pol-Bernard Gossiaux<\/li>\n\n\n\n<li>Universit\u00e9 Paris-Diderot \/ Universit\u00e9 de Paris : Matteo Cacciari <\/li>\n\n\n\n<li>Universit\u00e9 Paris-Sud \/ Universit\u00e9 Paris-Saclay : Tiina Suomijarvi<\/li>\n\n\n\n<li>Universit\u00e9 Savoie-Mont Blanc : Roman Kossakowski<\/li>\n\n\n\n<li>Universit\u00e9 de Strasbourg : Christelle Roy<\/li>\n<\/ul>\n\n\n\n<h3 class=\"wp-block-heading\">Groupes Th\u00e9matiques<\/h3>\n\n\n\n<p>13 groupes de travail sont mis en place dans les th\u00e9matiques suivantes&nbsp;:<\/p>\n\n\n\n<ul class=\"wp-block-list\">\n<li>GT01 \u2013 Physique des particules<\/li>\n\n\n\n<li>GT02 \u2013 Physique et astrophysique nucl\u00e9aire<\/li>\n\n\n\n<li>GT03 \u2013 Physique hadronique<\/li>\n\n\n\n<li>GT04 \u2013 Physique des astroparticules<\/li>\n\n\n\n<li>GT05 \u2013 Physique de l\u2019inflation et \u00e9nergie noire<\/li>\n\n\n\n<li>GT06 \u2013 Physique des neutrinos et mati\u00e8re noire<\/li>\n\n\n\n<li>GT07 \u2013 Acc\u00e9l\u00e9rateurs et instrumentation associ\u00e9e<\/li>\n\n\n\n<li>GT08 \u2013 D\u00e9tecteurs et instrumentation associ\u00e9e<\/li>\n\n\n\n<li>GT09 \u2013 Calcul, algorithmes et donn\u00e9es<\/li>\n\n\n\n<li>GT10 \u2013 Applications associ\u00e9es: sciences nucl\u00e9aires et vivant<\/li>\n\n\n\n<li>GT11 \u2013 Energie nucl\u00e9aire et environnement<\/li>\n\n\n\n<li>GT12 \u2013 Applications associ\u00e9es: g\u00e9osciences, syst\u00e8me solaire et milieu interstellaire<\/li>\n\n\n\n<li>GT13 \u2013 Ressources humaines et financi\u00e8res<\/li>\n<\/ul>\n\n\n\n<p>auxquelles sont invit\u00e9s \u00e0 contribuer tous les chercheurs, ing\u00e9nieurs et techniciens des laboratoires fran\u00e7ais engag\u00e9s dans ces domaines de recherche.<\/p>\n\n\n\n<p>Chaque GT est coordonn\u00e9 par un Directeur Adjoint Scientifique de l\u2019IN2P3 qui met en place un groupe de pilotage compos\u00e9 de 3-4 personnes expertes du domaine concern\u00e9, dont un membre du Conseil Scientifique de l\u2019IN2P3. Les missions des GT sont les suivantes&nbsp;:<\/p>\n\n\n\n<ul class=\"wp-block-list\">\n<li>Collecter des contributions \u00e9crites&nbsp;;<\/li>\n\n\n\n<li>Organiser un s\u00e9minaire th\u00e9matique en r\u00e9gion ;<\/li>\n\n\n\n<li>R\u00e9diger un document de synth\u00e8se pour chaque GT.<\/li>\n<\/ul>\n\n\n\n<p>Pour en savoir plus, consultez la <a href=\"https:\/\/prospectives2020.in2p3.fr\/?page_id=8\">page d\u00e9di\u00e9e aux groupes th\u00e9matiques<\/a>. <\/p>\n","protected":false},"excerpt":{"rendered":"<div class=\"entry-summary\">\nD\u00e9cembre 2022: Publication de la feuille de route La feuille de route de l&rsquo;exercice de prospective pr\u00e9sente une strat\u00e9gie pour l&rsquo;horizon 2030 et identifie les priorit\u00e9s des grands projets au niveau national en physique nucl\u00e9aire, physique des particules et astroparticules:&hellip;\n<\/div>\n<div class=\"link-more\"><a href=\"https:\/\/prospectives2020.in2p3.fr\/\" class=\"more-link\">Continue reading<span class=\"screen-reader-text\"> &ldquo;Accueil&rdquo;<\/span>&hellip;<\/a><\/div>\n","protected":false},"author":3,"featured_media":0,"parent":0,"menu_order":0,"comment_status":"closed","ping_status":"closed","template":"","meta":{"footnotes":""},"class_list":["post-6","page","type-page","status-publish","hentry","entry"],"jetpack_sharing_enabled":true,"_links":{"self":[{"href":"https:\/\/prospectives2020.in2p3.fr\/index.php?rest_route=\/wp\/v2\/pages\/6","targetHints":{"allow":["GET"]}}],"collection":[{"href":"https:\/\/prospectives2020.in2p3.fr\/index.php?rest_route=\/wp\/v2\/pages"}],"about":[{"href":"https:\/\/prospectives2020.in2p3.fr\/index.php?rest_route=\/wp\/v2\/types\/page"}],"author":[{"embeddable":true,"href":"https:\/\/prospectives2020.in2p3.fr\/index.php?rest_route=\/wp\/v2\/users\/3"}],"replies":[{"embeddable":true,"href":"https:\/\/prospectives2020.in2p3.fr\/index.php?rest_route=%2Fwp%2Fv2%2Fcomments&post=6"}],"version-history":[{"count":58,"href":"https:\/\/prospectives2020.in2p3.fr\/index.php?rest_route=\/wp\/v2\/pages\/6\/revisions"}],"predecessor-version":[{"id":442,"href":"https:\/\/prospectives2020.in2p3.fr\/index.php?rest_route=\/wp\/v2\/pages\/6\/revisions\/442"}],"wp:attachment":[{"href":"https:\/\/prospectives2020.in2p3.fr\/index.php?rest_route=%2Fwp%2Fv2%2Fmedia&parent=6"}],"curies":[{"name":"wp","href":"https:\/\/api.w.org\/{rel}","templated":true}]}}

<h3 class="wp-block-heading"><mark style="background-color:#dd7600" class="has-inline-color">Décembre 2022:</mark></h3>



<h3 class="wp-block-heading"><mark style="background-color:#dd7600" class="has-inline-color">Publication de la feuille de route</mark></h3>



<div class="wp-block-columns">
<div class="wp-block-column" style="flex-basis:100%">
<div class="wp-block-group"><div class="wp-block-group__inner-container is-layout-flow wp-block-group-is-layout-flow">
<div class="wp-block-columns">
<div class="wp-block-column" style="flex-basis:100%">
<p>La feuille de route de l&rsquo;exercice de prospective présente une stratégie pour l&rsquo;horizon 2030 et identifie les priorités des grands projets au niveau national en physique nucléaire, physique des particules et astroparticules: vous pouvez télécharger le fichier pdf en suivant le lien ci-dessous.</p>



<p><a href="https://prospectives2020.in2p3.fr/wp-content/uploads/2023/01/FrenchRoadmap2030_NuclearParticleAstroparticlePhysics.pdf"><strong>REACHING FOR THE INFINITIES</strong><br> A Strategic Plan for French Nuclear, Particle and Astroparticle Physics<br> in the 2030 Horizon</a></p>



<p>Références:</p>



<p><a rel="noreferrer noopener" href="https://doi.org/10.5281/zenodo.7794586" target="_blank">https://doi.org/10.5281/zenodo.7794586</a></p>



<p><a href="https://hal.in2p3.fr/in2p3-04056277v1">https://hal.in2p3.fr/in2p3-04056277v1</a></p>
</div>
</div>
</div></div>
</div>
</div>



<h3 class="wp-block-heading">Présentation </h3>


<div class="wp-block-image">
<figure class="align-horizontal-wrap alignright size-large is-resized"><a href="https://prospectives2020.in2p3.fr/wp-content/uploads/2019/10/prospectives-2020_affiche-generale_V6.jpg"><img loading="lazy" decoding="async" src="https://prospectives2020.in2p3.fr/wp-content/uploads/2019/12/prospectives-2020_affiche_v2-725x1024.jpg" alt="" class="wp-image-275" width="181" height="256" srcset="https://prospectives2020.in2p3.fr/wp-content/uploads/2019/12/prospectives-2020_affiche_v2-725x1024.jpg 725w, https://prospectives2020.in2p3.fr/wp-content/uploads/2019/12/prospectives-2020_affiche_v2-212x300.jpg 212w, https://prospectives2020.in2p3.fr/wp-content/uploads/2019/12/prospectives-2020_affiche_v2-768x1085.jpg 768w, https://prospectives2020.in2p3.fr/wp-content/uploads/2019/12/prospectives-2020_affiche_v2-1087x1536.jpg 1087w, https://prospectives2020.in2p3.fr/wp-content/uploads/2019/12/prospectives-2020_affiche_v2.jpg 1123w" sizes="auto, (max-width: 181px) 100vw, 181px" /></a></figure></div>


<p>Dans le cadre des missions nationales qui lui sont confiées, <a href="https://in2p3.cnrs.fr/">l’institut national de physique nucléaire et de physique des particules</a> organise et conduit, en y associant les organismes et acteurs concernés, des exercices de prospective nationale dans ses domaines de compétence. Ceux-ci couvrent les domaines de la physique nucléaire, physique des particules et astroparticules, ainsi que les développements technologiques et applications associés.</p>



<p>Cet exercice s’inscrit dans la foulée de la publication fin 2017 des stratégies européennes en physique nucléaire (NUPECC Long range plan 2017) et en astroparticules&nbsp; (APPEC &#8211; European Astroparticule Physics Strategy 2017-2026), et vient s’articuler naturellement avec les travaux similaires engagés au niveau européen pour la physique des particules.</p>



<h4 class="wp-block-heading"><strong>Objectifs de l’exercice</strong> : </h4>



<ul class="wp-block-list">
<li>décliner nationalement les priorités stratégiques européennes et internationales dans les 3 domaines concernés : physique nucléaire, physique des particules et astroparticules;</li>



<li>définir les objectifs et priorités pour les activités et projets nationaux de ces domaines; </li>



<li>définir les objectifs et priorités de l’institut dans les développements technologiques et applications associés. </li>
</ul>



<p>Ces prospectives
couvrent la période des 10 années à venir (2020-2030) avec comme date prévue de
révision 2025. Un document de prospective nationale&nbsp;sera produit et remis aux
instances, organismes et universités concernées.</p>



<h3 class="wp-block-heading">Comité de supervision </h3>



<figure class="wp-block-image size-large is-resized"><img loading="lazy" decoding="async" src="https://prospectives2020.in2p3.fr/wp-content/uploads/2019/12/bandeau-logos.jpg" alt="" class="wp-image-276" width="554" height="108" srcset="https://prospectives2020.in2p3.fr/wp-content/uploads/2019/12/bandeau-logos.jpg 739w, https://prospectives2020.in2p3.fr/wp-content/uploads/2019/12/bandeau-logos-300x58.jpg 300w" sizes="auto, (max-width: 554px) 100vw, 554px" /></figure>



<p>Un comité de supervision composé du directeur et directeur adjoint de l’institut et des représentants des organismes et universités est mis en place. Il est chargé de suivre les travaux de réflexion de la communauté scientifique dans son entier et s’assure du bon déroulement de l’ensemble du processus. Il s&rsquo;est réuni pour cela une première fois dans le courant du mois de mai, afin de lancer la mise en place des groupes de travail thématiques qui se réuniront à partir l’automne 2019 et jusqu’au printemps 2020. Une seconde réunion est anticipé à mi-parcours (printemps 2020) et une dernière lors du colloque de restitution (cf. ci-dessous) prévu à l’automne 2020.</p>



<ul class="wp-block-list">
<li>Directeur de l&rsquo;IN2P3: Reynald Pain</li>



<li>Directeur adjoint de l&rsquo;IN2P3: Patrice Verdier</li>



<li>Aix Marseille Université : José Busto</li>



<li>Ecole Polytechnique / Institut Polytechnique de Paris : Benoit Deveaud</li>



<li>Sorbonne Université : Marco Cirelli</li>



<li>Université de Bordeaux : Philippe Moretto</li>



<li>Université Caen Normandie : Francesca Gulminelli</li>



<li>ENSI Caen : Marco Daturi</li>



<li>Université Claude Bernard Lyon 1 / Université de Lyon: Aldo Deandrea</li>



<li>Université Clermont-Auvergne : Philippe Rosnet</li>



<li>Université Grenoble Alpes : Laurent Derome</li>



<li>Université de Montpellier : Jacques Mercier</li>



<li>Université de Nantes : Gines Martinez</li>



<li>IMT Atlantique : Pol-Bernard Gossiaux</li>



<li>Université Paris-Diderot / Université de Paris : Matteo Cacciari </li>



<li>Université Paris-Sud / Université Paris-Saclay : Tiina Suomijarvi</li>



<li>Université Savoie-Mont Blanc : Roman Kossakowski</li>



<li>Université de Strasbourg : Christelle Roy</li>
</ul>



<h3 class="wp-block-heading">Groupes Thématiques</h3>



<p>13 groupes de travail sont mis en place dans les thématiques suivantes&nbsp;:</p>



<ul class="wp-block-list">
<li>GT01 – Physique des particules</li>



<li>GT02 – Physique et astrophysique nucléaire</li>



<li>GT03 – Physique hadronique</li>



<li>GT04 – Physique des astroparticules</li>



<li>GT05 – Physique de l’inflation et énergie noire</li>



<li>GT06 – Physique des neutrinos et matière noire</li>



<li>GT07 – Accélérateurs et instrumentation associée</li>



<li>GT08 – Détecteurs et instrumentation associée</li>



<li>GT09 – Calcul, algorithmes et données</li>



<li>GT10 – Applications associées: sciences nucléaires et vivant</li>



<li>GT11 – Energie nucléaire et environnement</li>



<li>GT12 – Applications associées: géosciences, système solaire et milieu interstellaire</li>



<li>GT13 – Ressources humaines et financières</li>
</ul>



<p>auxquelles sont invités à contribuer tous les chercheurs, ingénieurs et techniciens des laboratoires français engagés dans ces domaines de recherche.</p>



<p>Chaque GT est coordonné par un Directeur Adjoint Scientifique de l’IN2P3 qui met en place un groupe de pilotage composé de 3-4 personnes expertes du domaine concerné, dont un membre du Conseil Scientifique de l’IN2P3. Les missions des GT sont les suivantes&nbsp;:</p>



<ul class="wp-block-list">
<li>Collecter des contributions écrites&nbsp;;</li>



<li>Organiser un séminaire thématique en région ;</li>



<li>Rédiger un document de synthèse pour chaque GT.</li>
</ul>



<p>Pour en savoir plus, consultez la <a href="https://prospectives2020.in2p3.fr/?page_id=8">page dédiée aux groupes thématiques</a>. </p>

<div class="entry-summary">
Décembre 2022: Publication de la feuille de route La feuille de route de l&rsquo;exercice de prospective présente une stratégie pour l&rsquo;horizon 2030 et identifie les priorités des grands projets au niveau national en physique nucléaire, physique des particules et astroparticules:&hellip;
</div>
<div class="link-more"><a href="https://prospectives2020.in2p3.fr/" class="more-link">Continue reading<span class="screen-reader-text"> &ldquo;Accueil&rdquo;</span>&hellip;</a></div>
